reatest common divisor of 4268 and 61094?
22
What is the highest common factor of 7980 and 191220?
60
Calculate the highest common factor of 26591398 and 3790.
758
What is the greatest common factor of 31 and 250798587?
31
What is the greatest common divisor of 194721905 and 70?
35
Calculate the highest common divisor of 2572502 and 1328.
166
Calculate the greatest common factor of 80 and 13171064.
8
What is the highest common factor of 198 and 1824228648?
198
Calculate the highest common divisor of 333143475 and 9618.
4809
Calculate the highest common divisor of 4740 and 186519.
237
What is the greatest common divisor of 234483981 and 3189?
3189
Calculate the highest common factor of 2 and 1055714.
2
What is the highest common divisor of 12731856 and 372?
12
What is the highest common divisor of 139298 and 314432?
578
Calculate the greatest common factor of 1639983 and 867.
3
What is the highest common divisor of 278152836 and 155298?
14118
Calculate the highest common factor of 103138 and 645169.
371
Calculate the greatest common divisor of 3675 and 68039925.
75
Calculate the greatest common factor of 49786 and 1922.
62
Calculate the greatest common factor of 138170 and 27246450.
3370
What is the highest common divisor of 162564 and 47667770?
1178
What is the highest common divisor of 184961 and 3?
1
Calculate the highest common divisor of 81255737 and 781.
71
Calculate the greatest common divisor of 542378 and 11288486.
3902
Calculate the greatest common factor of 160 and 4674740.
20
Calculate the greatest common factor of 832 and 872512.
64
Calculate the greatest common factor of 660989266 and 14.
14
Calculate the greatest common divisor of 107108 and 13728.
4
Calculate the greatest common factor of 1056093 and 2985.
597
What is the greatest common divisor of 243058788 and 189?
63
What is the greatest common divisor of 86454768 and 946?
86
What is the greatest common divisor of 187656 and 19320?
168
Calculate the greatest common divisor of 34083789 and 12.
3
What is the highest common divisor of 44067 and 1038949?
397
What is the greatest common factor of 541520 and 179760?
560
Calculate the greatest common factor of 49 and 94902269.
49
Calculate the highest common divisor of 2639056 and 8496.
16
What is the greatest common factor of 2516477 and 2407?
83
What is the greatest common divisor of 280828 and 2034?
2
What is the highest common factor of 3267 and 2038527?
27
What is the highest common divisor of 4537169 and 728?
91
What is the highest common factor of 28 and 2905616?
28
What is the highest common factor of 8613 and 598703985?
2871
What is the highest common divisor of 4239550 and 238?
14
Calculate the highest common factor of 39104182 and 26.
26
What is the greatest common factor of 15173518 and 556?
278
Calculate the greatest common divisor of 720567 and 3519.
207
What is the greatest common factor of 2540516 and 7783?
181
Calculate the greatest common factor of 531670 and 1763260.
6730
What is the greatest common factor of 29934464 and 4480?
896
What is the greatest common divisor of 19 and 7699541?
19
What is the highest common divisor of 63 and 431438?
7
Calculate the greatest common divisor of 1870 and 29210390.
110
Calculate the greatest common factor of 4543450 and 178.
178
Calculate the greatest common divisor of 737 and 11281215.
11
Calculate the greatest common factor of 1793 and 341708147.
1793
Calculate the highest common factor of 83296710 and 127530.
9810
Calculate the greatest common divisor of 346056562 and 2274.
758
What is the highest common divisor of 2259186864 and 22?
22
What is the highest common factor of 96 and 722376?
24
What is the greatest common factor of 192 and 55653952?
64
What is the highest common factor of 104026488 and 3336?
3336
Calculate the highest common factor of 2273801 and 3009.
1003
What is the greatest common divisor of 25476295 and 65?
65
What is the highest common factor of 15482979 and 3174?
69
Calculate the highest common factor of 9455 and 109400023.
1891
Calculate the greatest common factor of 16962440 and 17480.
760
What is the greatest common factor of 365770 and 13430?
790
What is the highest common divisor of 406959 and 1869?
21
What is the highest common factor of 2010 and 385741110?
2010
Calculate the highest common factor of 11784 and 207407238.
2946
What is the greatest common divisor of 3187713 and 2581?
89
What is the greatest common factor of 24690835 and 130?
65
What is the greatest common factor of 407592549 and 1638?
819
What is the highest common divisor of 13 and 86185671?
13
Calculate the highest common divisor of 293 and 15507611.
293
Calculate the greatest common divisor of 1674 and 51303946.
62
What is the greatest common factor of 60292020 and 86?
86
What is the greatest common factor of 235 and 1230085?
5
What is the highest common factor of 9160 and 1174320?
40
What is the highest common factor of 23096 and 806939596?
11548
What is the greatest common divisor of 816950 and 350?
50
Calculate the greatest common factor of 9429072 and 84.
12
Calculate the highest common divisor of 4995 and 1013715.
135
Calculate the highest common divisor of 16741836 and 108.
108
What is the greatest common divisor of 18492 and 7132284?
804
What is the greatest common divisor of 264 and 12028984?
88
Calculate the highest common divisor of 54 and 12768003.
27
Calculate the greatest common divisor of 52 and 3771391.
13
Calculate the highest common divisor of 84579904 and 186.
62
What is the greatest common factor of 335 and 721054?
67
Calculate the highest common divisor of 9025 and 43911850.
475
What is the greatest common divisor of 5465208 and 2508?
12
What is the greatest common factor of 1022482 and 2451834?
3538
What is the greatest common factor of 2341809 and 801?
9
What is the highest common factor of 13235 and 1715?
5
Calculate the greatest common divisor of 47896 and 584.
8
Calculate the highest common factor of 258600 and 2914500.
300
What is the highest common factor of 72 and 413391582?
18
What is the highest common factor of 177 and 64687659?
177
What is the highest common divisor of 1205 and 30201638?
241
What is the greatest common divisor of 127121643 and 4455?
891
What is the greatest common factor of 1940927 and 8165?
71
Calculate the greatest common divisor of 87 and 1770073203.
87
Calculate the highest common factor of 804375 and 26650.
325
What is the highest common factor of 2996112 and 76146?
1554
Calculate the highest common factor of 6506113 and 5168.
19
What is the highest common divisor of 4354 and 47758?
2
What is the highest common factor of 1852 and 97587899?
463
Calculate the greatest common factor of 1475292 and 3900.
156
Calculate the highest common divisor of 4100 and 106261750.
2050
What is the highest common factor of 78248 and 104?
8
Calculate the highest common factor of 67813083 and 14427.
2061
What is the highest common factor of 12680 and 73572530?
3170
Calculate the highest common divisor of 4041 and 368318292.
1347
What is the greatest common factor of 8170578 and 208?
26
What is the greatest common divisor of 1016170164 and 4?
4
What is the greatest common factor of 539048 and 152?
8
What is the highest common divisor of 430828 and 21572924?
10508
What is the highest common factor of 91891 and 630208?
43
Calculate the highest common factor of 72179 and 177911.
89
Calculate the highest common factor of 207089770 and 738.
82
Calculate the highest common divisor of 20689 and 4701271.
1217
What is the greatest common divisor of 62723055 and 10?
5
What is the greatest common divisor of 29581700 and 28?
4
What is the greatest common factor of 420 and 4230177?
21
Calculate the greatest common divisor of 4768596 and 35052.
1524
What is the highest common divisor of 6780116 and 2268?
28
Calculate the highest common factor of 843690 and 5070.
30
What is the greatest common divisor of 17108 and 318301672?
2444
What is the greatest common factor of 3744 and 292176?
144
Calculate the greatest common divisor of 7964 and 44526.
362
Calculate the highest common divisor of 82998 and 2088.
522
What is the greatest common factor of 2304 and 353546496?
2304
What is the highest common divisor of 64573404 and 84?
84
What is the greatest common divisor